t is 42 + 7 + -18 + 93 + -14?
110
Calculate (-17 - 22) + ((-2 - -1) + 2 - (54 + -57)).
-35
-25 + (32 + -72 - -32)
-33
(-9 + 16 - 2) + -15 + 70 + -5
55
What is -2 + 4 + (8 - 15) + 7 + 0 + 0?
2
What is 1 - (5 - 6) - ((-8 - 1) + 40)?
-29
Evaluate 3269 - 3236 - (105 - -2).
-74
Evaluate (-151 + 149 - (-5 - 30)) + 28.
61
48 - (-104 - (-86 + -5))
61
What is the value of (-25 - -31) + (-9 - -3) - -7 - 60?
-53
What is the value of 64 + (44 - (108 + -142))?
142
Calculate 3 + (0 + 1 - (-18 + 14) - 4) + 0.
4
What is the value of (6 - -2) + (14 - (-32 + -41 + -20))?
115
Calculate 368 + -366 + (21 - (-1 - -1)) + (-20 - -10).
13
What is the value of (2 - 22 - 0) + (-20 - (-1 - (-11 - -17)))?
-33
(20 - (9 - 78)) + (-2 - 22)
65
Evaluate -8 - 21 - -28 - ((0 - 9) + 1).
7
What is -22 - 34 - (-34 + -21)?
-1
Evaluate -286 + 220 + (18 - -102).
54
What is the value of -102 + 30 - (-170 - -227)?
-129
Calculate (12 + -4 - 15) + (-19 - -32).
6
Evaluate -1 + 1 + 0 + 8 + 24698 + -24763.
-57
Evaluate (33 + -113 - -58) + -11.
-33
What is the value of 34 + 1 - (967 + -932)?
0
What is the value of 1 - -13 - (139 + -56 - 45)?
-24
What is (-1 - 2) + 82 + (-106 - 11)?
-38
What is the value of 0 + 0 + 56 + 16736 + -16740?
52
Evaluate 378 + -487 + (36 - -176).
103
42 - ((-24 - -40) + -22) - 36
12
Evaluate (-26 + 23 - -9) + (-3 - -3 - 0) + 7.
13
Calculate (3 - 9) + (11 - 3) + 14 + -13.
3
What is the value of (21 - (2 + 10) - -21) + -2 - -4?
32
Evaluate 14 + (-15 - 5) + 26 + -16 + -1 + 106.
109
Evaluate 28 + -34 + (3 - (4 + -7 - -6)) + 52.
46
3 - (1 + 1 + -7 + (32 - -13))
-37
Evaluate 3 + (2 + 24 - (-348 + 349)).
28
(-6 - -6 - (-32 - -4) - -4) + 3 + 0
35
Evaluate (-7 - -1 - 1) + (153 + -225 - -79).
0
What is the value of -6 + -5 + -41 + -15 + 7 + (9 - 8)?
-59
What is the value of (15 - 9 - 19) + (5 + -3 - -12) - 12?
-11
What is (10 - (13 + -4)) + -6 + 3 + -32?
-34
Calculate -2 + -4 - (-333 - -330).
-3
What is (9 - 8) + 17 + -5 + 19?
32
What is the value of 6 + -15 + -1 + 75 + 12 - (10 + 2)?
65
Calculate -5 - 3 - ((-43 - -21) + 79).
-65
Evaluate 1 + -28 + 12 + (-10 - 16) + -5 + 9.
-37
22 + -16 + 5 + -2 + (45 - 3) + 0
51
Calculate 61 - ((21 - -5 - 14) + 12).
37
What is (-4 - ((0 - -4) + 168 + -154)) + -10?
-32
Calculate 229 + -195 - (1 + 3 - 4).
34
Calculate -5 + -5 + -68 + 36 + -44 - -13.
-73
-59 + -1 + 4 + 1 - (-889 + 876)
-42
What is 23 + -60 + 44 - 74?
-67
Evaluate (-7 - (4 + (85 - 7))) + -841 + 834.
-96
76 + -128 + 5 + -4 + 0 + -4 + -1
-56
What is 5 - (-13 - (-6 - -3 - -2 - -13))?
30
Calculate 8 + (-28 - ((-12 - -14) + 4) - (0 - -1)).
-27
Evaluate (-30822 - -30667) + (142 - -1).
-12
(-38 - -69) + 19 - 40
10
77 - (225 - (-104 - -178))
-74
What is -27 + 15 + -48 + 45?
-15
What is the value of (-6 - (20 + -38)) + 0 + -2 + 74?
84
-68 - (-4 + 3) - (-1779 + 1770)
-58
What is the value of -3 - 39 - (-218 - -166)?
10
-41 + (683 - 686) + 7 + 0 + -1
-38
-24 + -14 + -15 + (-23 - -56)
-20
Calculate -954 + 988 - (4 + 53).
-23
What is the value of (-339 - -251) + (2 - -35)?
-51
(-3 - -9) + -4 + (4 - 4 - -1) + -6
-3
-9 + 13 + 5 + -4 + -4 + 129 + -7
123
What is (18 - (-12 + 26) - 9) + 7 + -15 - -39?
26
Evaluate 5 - (-13 + 8 + (-31 - -22)).
19
Calculate (2 - 9) + (-6 - (-3 + (2 - 4))) + -6.
-14
Calculate -1 + 41 + -91 + 64 + -11.
2
What is -23 + (73 - (41 - 26))?
35
What is the value of -283 + 296 + (-51 - 3) + 0?
-41
Calculate 3 + -2 - 54 - (-2371 - -2369).
-51
What is the value of 4 + -36 + 25 + -53 + 4?
-56
-19 + 6 - (-77 + 52) - (0 - -1 - -63)
-52
Evaluate 15 + 5 + (-11 - -1) + 2 + 5 + -7.
10
(223 - 197) + (-28 - 0) + (11 - 2) + -2
5
Evaluate (2 - -1 - -4) + (-28 - -8) - (-26 - -15).
-2
What is 1 + 134 + (-64 - -34 - -2 - (1 - 24))?
130
Calculate -34 + (-32 - (-12 + -9 - -13)).
-58
What is the value of 19 - (38 + -47 + 21) - (26 + 1 + 1)?
-21
Calculate -29 - (20 + 0 + (489 - 506)).
-32
What is the value of -9 - (-17 + (74 + -84 - (0 - -116)))?
134
Evaluate 8 + -9 + 37 + -106.
-70
Calculate 50 + (-7 - -30 - (405 + -366)).
34
What is the value of 2 + -4 + 0 - (-288 + (220 - -69))?
-3
Calculate 20 + -4 - (3628 - 3725).
113
Evaluate (-6 - (13 + -9 - 2)) + -14 - -11.
-11
Evaluate -11 - (4 + -5) - (-5 - (15 - 8 - 25)).
-23
6 + (2 + -8 - (3 - 12) - 18) + 52
43
What is -31 - 2 - (-394 + 368)?
-7
Calculate -3 + -2 - (90 - (-1 - -62)).
-34
Evaluate 5 - (8 + -1) - (-110 + -12 + 28 + -4).
96
-12 - ((6 - 3) + -4 - 119 - (8 + 7))
123
What is -47 + (-12 + 12 - 8)?
-55
22 + (-3 - -1 - (-143 - -180))
-17
Evaluate (34 + -33 - (-2 + 19)) + (3 - -7) + 89.
83
Evaluate (2 + 2 - 8) + 4 + 5 - (17 - 60).
48
What is the value of (26 - (-1 + 23 + -10)) + 1?
15
Calculate -6 + (-1 + -12 - (6 - -2) - 22).
-49
Evaluate -17 + -5 + -15 - (-22 - 91).
76
What is the value of 1 + (6 - -11) - (-24 - -18)?
24
85 + -100 + -7 + (-7 - -8 - -32)
11
Evaluate 119 - (45 - (-8 - (9 + -63))).
120
What is -44 + 0 - (34 + (-83 - -63))?
-58
Evaluate -5 + (-10 - (-39 - -15) - 11) + 22.
20
What is the value of 268 + -359 - (-24 - 15)?
-52
(44 + -39 - (1 - -19 - 3)) + -10 + 2
-20
Calculate -22 - (-73 - (-87 - -73)).
37
What is (45 - (-28 - (0 + -5))) + -3?
65
1 + -1 + 74 + (72 - (-59 - (47 + -174)))
78
Calculate 33 - 9 - (13 - (-20 + (19 - -11))).
21
Calculate 4 - ((-8 - (-10 + -2)) + -2 + -7 + 2).
7
What is 1 + -6 + -44 + 42 + (23 - 81 - 10)?
-75
-11 - (-116 - (2 + -11)) - (-4 + 4 + 3)
93
What is the value of 0 - 30 - (-10 + -9 - -43 - 34)?
-20
What is -46 + 67 + -38 + -38?
-55
Evaluate (49 - 17) + -43 - (-1 - 60).
50
(1 - 2 - -7) + 6 - (-1 - -17)
-4
Evaluate 12 + -1 + 1 + -8 + (-5 - (-17 - -22)).
-6
Calculate 52 - (5 - 9) - (6 - -10 - 7).
47
What is the value of (3 + -15 - 43) + -3 + 7 + 5?
-46
What is -6 + -24 + 19 + 4 + -23?
-30
What is the value of -9 + (-95 - (-20 + 16)) - -33?
-67
What is 118 - ((-1292 - -1297) + 1 + 34)?
78
Evaluate 23 + (31 - (-3 + 45) - (-8 - -2)).
18
Calculate (65 - (1 + -3)) + (3 + 73 - 79).
64
27 - (7 - (9 + 8))
37
-13 + (19 - (-4 - -17)) + (-10 + 11 - 35)
-41
Calculate 61 + -95 + 33 - -52.
51
Calculate 0 - (-4 - (3 + -2 + 4 + -99 + -5)).
-95
Evaluate (1 - (-3 + 2) - -33) + (-181 - -132 - -43).
29
Calculate (2 - 31 - -3) + (-2290 - -2298).
-18
What is the value of -42 + 90 + (-69 - -82)?
61
Evaluate (26 - 14) + (-2 + 22 - (-58 - -64)).
26
-109 - (1 + -6 - 21 - (-1 + -18))
-102
-373 + 337 + (-1 - -8)
-29
Calculate -6 - (-3 - 0 - (25 - (-18 + 73))).
-33
Evaluate 12 - (113 - -20 - 197).
76
Evaluate 167 + -148 - (0 - -2 - (8 - (3 - -7))).
15
Evaluate -6 + (-22 - (-57 + 12)) - 4.
13
Evaluate (124 + -145 - (2 - (-5 + 27))) + -77.
-78
What is the value of (17 - 4) + (-50 - ((21 - 13) + -2) - -16)?
-27
Evaluate (1 - ((29 - 13) + -50)) + -25.
10
Evaluate -10 + (23 - 22) + (66 - 7) + 1 + -8.
43
Calculate (-18 - (25 - (-28 + 72))) + (8 - -89).
98
(2 - 17) + -16 - 21 - (1 - 13)
-40
Evaluate 47 - 19 - (-17 + 7 - -30) - (-1 + -37).
46
Evaluate -53 - -5 - 32 - (3 - 12 - -1).
-72
What is (-2 - -1 - (-63 - -40)) + -34 + 44 + -24?
8
What is 103 - 44 - 57 - ((-3 - -8) + 4)?
-7
What is the value of -8 + 0 + (-1 - (3 + (-4 - 43))) + -8?
27
-7 + -110 + 111 + -1 + 7 + 43 + 6
49
Calculate 1 - -5 - (40 + (-57 - -16)).
7
(-78 - -138) + 8 + (8 - 15) + 0 + 6
67
Calculate (12 + -5 - 6) + -9 + 2 + 11 - -100.
105
Evaluate 4 + (67 - (-1 + 23 - (34 + (-41 - -20)))).
62
Evaluate (2 - -35) + 0 + (1 - -11) + (13 - 26).
36
Calculate -16 - (-1 + 1) - (-21 - -18) - -55.
42
Calculate -11 + (-26 - 2) + 47 - 64.
-56
46 - ((10 - -24) + 39)
-27
What is -7 - (77 - (52 - (27 - 5)))?
-54
10 - ((1 - 5) + -113 + 103 + 15 + 1)
8
Calculate 166 + -46 + -69 - 146.
-95
Calculate 121 + 94 + 33 - 126.
122
31 - (-4 + 42) - (14 - -36)
-57
-78 + 14 + 87 - 27
-4
What is the value of 34 + (-79 - -34) + -97 + 11?
-97
What is 0 + 40 - ((21 - -1) + (284 - 293))?
27
What is -2 + (-11 - 10) + -3 + (-1 - (-8 + -2))?
-17
Calculate -9 - 10 - -32 - (43 + 1 + (-26 - -20)).
-25
What is the value of -21 + 73 - 40 - (-5 + (-95 - 3) + 3)?
112
Evaluate -2434 + 2656 - (8 - -79).
135
Evaluate ((25 - 22 - (3 + -4)) + -10 - 0) + 28.
22
Calculate (2 - 20) + 4 + 27 + (29 - 49).
-7
Evaluate -126 + (33 - -61 - -113).
81
What is the value of (-14 - (8 + (-6 - 8)) - 1) + 2?
-7
20 - (4 + (-8 - (2 - -4) - -4))
26
Evaluate -1 - -45 - (1868 - 1816).
-8
Calculate 44 + (-6 - (-7 + -1)) + (-29 - -24).